1008
What is the greatest common divisor of 8759 and 313044?
19
Calculate the highest common factor of 1241 and 279378.
17
Calculate the highest common factor of 37 and 20131663.
37
What is the highest common divisor of 2890 and 146578?
2
Calculate the highest common factor of 2243128 and 16.
8
What is the greatest common factor of 21822964 and 5012?
716
What is the highest common factor of 2848 and 2756152?
712
What is the greatest common divisor of 158129203 and 4954?
2477
What is the highest common divisor of 4875192 and 186048?
1224
What is the highest common factor of 1820004 and 192?
12
Calculate the greatest common factor of 1260545544 and 621.
621
What is the highest common divisor of 40 and 19565160?
40
Calculate the greatest common factor of 17720566 and 3052.
218
Calculate the greatest common divisor of 11388 and 5892.
12
What is the highest common factor of 15812290 and 195?
65
Calculate the highest common factor of 4 and 15175888.
4
Calculate the greatest common factor of 378 and 4214469.
21
What is the highest common factor of 3096 and 1426955688?
3096
Calculate the highest common divisor of 8321 and 272081.
157
Calculate the greatest common factor of 237094446 and 18010.
3602
What is the greatest common factor of 44528 and 953488?
368
What is the highest common divisor of 31698047 and 17?
17
Calculate the greatest common factor of 9468 and 120402.
18
Calculate the greatest common factor of 6032 and 78184.
232
Calculate the highest common factor of 5210 and 266572255.
2605
What is the greatest common factor of 123 and 906988839?
123
What is the highest common divisor of 26627901 and 888?
111
What is the greatest common divisor of 368186 and 257348?
1274
Calculate the greatest common factor of 88561072 and 48.
16
What is the highest common divisor of 1149948 and 2244?
204
What is the greatest common factor of 16005 and 2697486?
33
What is the greatest common factor of 1680 and 382337088?
336
What is the greatest common divisor of 641753 and 7?
7
Calculate the highest common divisor of 22020021 and 153.
9
What is the greatest common divisor of 10305 and 4920065?
1145
What is the greatest common factor of 832236160 and 4480?
4480
What is the highest common divisor of 854295 and 32352?
1011
What is the highest common factor of 281736 and 153426?
546
Calculate the highest common divisor of 3249 and 12310803.
171
What is the greatest common divisor of 120 and 19472424?
24
Calculate the highest common divisor of 582968 and 36.
4
Calculate the highest common factor of 507 and 388427.
13
What is the greatest common divisor of 28335673 and 111?
37
What is the highest common divisor of 2214 and 2857208?
82
What is the highest common factor of 59245 and 782323?
289
Calculate the greatest common divisor of 54 and 24049602.
54
What is the highest common divisor of 126546592 and 1376?
1376
What is the highest common factor of 2151296 and 141659?
2401
What is the greatest common divisor of 76320 and 440592?
48
Calculate the greatest common factor of 147742 and 32697.
1211
Calculate the highest common divisor of 3050 and 10759058.
122
Calculate the greatest common divisor of 831 and 52353831.
831
Calculate the highest common factor of 3834 and 105080.
142
What is the greatest common factor of 748 and 27890302?
374
Calculate the greatest common divisor of 35 and 32435105.
5
What is the highest common factor of 37196338 and 38?
38
What is the greatest common factor of 413107752 and 4?
4
What is the highest common factor of 2546821 and 6919?
629
What is the greatest common divisor of 69773195 and 10?
5
Calculate the highest common divisor of 86292 and 4700517.
2397
Calculate the greatest common factor of 861 and 773969.
7
Calculate the greatest common factor of 6046645 and 29087.
493
Calculate the highest common factor of 66650 and 2298350.
2150
Calculate the greatest common factor of 938083290 and 85.
85
Calculate the highest common factor of 72792 and 10665376.
2696
Calculate the greatest common factor of 32956430 and 26.
26
Calculate the highest common divisor of 70399 and 86597.
623
What is the greatest common divisor of 27636 and 38388?
84
Calculate the highest common divisor of 1406 and 11036397.
703
What is the greatest common factor of 217388 and 57?
1
Calculate the greatest common factor of 793580424 and 28.
28
Calculate the greatest common divisor of 550 and 4242950.
50
Calculate the greatest common factor of 38500007 and 23478.
3913
What is the greatest common factor of 10839152 and 80?
16
Calculate the highest common divisor of 18073 and 188759.
31
Calculate the greatest common divisor of 1126755 and 3885.
105
What is the highest common factor of 1350002 and 31222?
466
What is the highest common divisor of 912446708 and 2116?
2116
Calculate the greatest common factor of 280 and 80669400.
280
Calculate the greatest common divisor of 636 and 32919.
3
What is the greatest common factor of 1588643 and 123571?
889
Calculate the greatest common factor of 159112 and 832.
8
Calculate the greatest common factor of 6099077 and 2279.
43
What is the greatest common factor of 1680650 and 3275?
25
What is the greatest common divisor of 2254424315 and 2431?
2431
What is the highest common factor of 2654 and 11303386?
2654
Calculate the highest common divisor of 100 and 36345220.
20
What is the greatest common divisor of 1581669 and 125721?
549
Calculate the highest common divisor of 6 and 15078960.
6
Calculate the highest common factor of 51485 and 68285.
35
Calculate the highest common factor of 48361300 and 2860.
260
What is the greatest common divisor of 840 and 20608840?
280
Calculate the greatest common divisor of 10852782 and 615.
123
Calculate the highest common divisor of 77904866 and 26.
26
Calculate the greatest common factor of 72 and 821424168.
72
Calculate the greatest common factor of 55865469 and 7960.
199
Calculate the greatest common divisor of 3538723 and 13265.
379
Calculate the highest common divisor of 1106 and 23962833.
79
Calculate the highest common divisor of 6992343 and 98226.
963
What is the greatest common factor of 1464 and 12120700?
244
Calculate the greatest common factor of 13 and 104618813.
13
What is the greatest common divisor of 504 and 105889581?
63
Calculate the highest common divisor of 14580 and 6640461.
729
What is the highest common divisor of 1196 and 647426?
26
What is the highest common factor of 589659408 and 2496?
624
Calculate the greatest common divisor of 232 and 12518894.
58
What is the highest common divisor of 533 and 50501504?
41
What is the greatest common divisor of 204259142 and 3642?
1214
What is the highest common factor of 89830 and 4498?
26
Calculate the greatest common divisor of 54326637 and 288.
9
Calculate the greatest common divisor of 1547 and 20692.
7
What is the highest common divisor of 13 and 9286433?
13
Calculate the greatest common factor of 71315208 and 12312.
4104
What is the highest common factor of 23868768 and 231?
231
Calculate the greatest common factor of 9996896 and 4732.
364
What is the highest common factor of 1436194 and 36662?
1594
Calculate the highest common divisor of 25250550 and 44070.
390
Calculate the greatest common divisor of 1701 and 269696952.
1701
What is the greatest common factor of 142053344 and 32?
32
What is the greatest common factor of 35703 and 120?
3
What is the highest common divisor of 24656 and 264784?
1072
Calculate the highest common divisor of 122880 and 142336.
1024
Calculate the highest common divisor of 24054 and 4237.
19
What is the highest common divisor of 1020 and 306935?
85
What is the highest common factor of 10776227 and 41503?
539
Calculate the highest common factor of 210805 and 368201.
19
Calculate the greatest common factor of 438 and 86319580.
146
Calculate the greatest common factor of 2550 and 4324200.
150
Calculate the highest common factor of 28515 and 65445.
15
What is the highest common factor of 6637792 and 420?
28
Calculate the highest common factor of 15721968 and 912.
912
Calculate the highest common divisor of 120 and 7864680.
120
What is the highest common factor of 199650 and 490?
10
What is the greatest common divisor of 32181 and 1275?
51
Calculate the highest common divisor of 20113722 and 27639.
747
What 